 when 16 is divided by w.
1
Let r = -37 - -63. Calculate the remainder when ((-146)/18)/((-8)/72) is divided by r.
21
Suppose -1467*v = -1490*v + 4738. Calculate the remainder when v is divided by 42.
38
Let y be ((-44)/55)/(2/(-30)). Let h = 14 - y. Suppose -14 - h = -2*w. Calculate the remainder when w is divided by 5.
3
Suppose -17 + 19 = -2*r. Let n = r - -35. Calculate the remainder when n is divided by 10.
4
Let u be (27/15)/((12/40)/1). Suppose 0 = -11*m + u*m + 80. Calculate the remainder when 60 is divided by m.
12
Let a = 84 + -82. Suppose -a*u - 4 = -28. Calculate the remainder when 31 is divided by u.
7
Let g be -1 - (3 + -1 + -8). Suppose 3*l - 147 = -3*f, 0 = -f - 3*l + 54 - g. What is the remainder when f is divided by (12/3 - (-26 - -4))/2?
10
Suppose 0*q = -3*q + 300. Suppose 0*g + 8*g - 1152 = 0. Suppose 8*v - 416 = -g. What is the remainder when q is divided by v?
32
Suppose d - 3*d + 4*o = -30, -12 = -4*o. Let a = -18 - -29. Calculate the remainder when d is divided by a.
10
Calculate the remainder when (-3)/((-1)/(-6)*(-126)/1708) is divided by 15.
4
Let h = 8 - 8. Suppose h*s + 2*s - 18 = 0. Suppose 2*v - 5*f - 61 = 0, 0*v + v + f - 34 = 0. What is the remainder when v is divided by s?
6
Suppose -15*v = -18*v + 45. Let d = v - 8. Calculate the remainder when 6/(-21) - (-142)/7 is divided by d.
6
Calculate the remainder when ((-768)/(-12) - -22)*2/4 is divided by (-4)/(-10) - (-219)/15.
13
Let d(i) = -i**3 + 13*i**2 + i - 9. Suppose -3*z - 3 = -42. Let u(b) = b**2 + 5*b - 3. Calculate the remainder when u(-7) is divided by d(z).
3
Let w = 686 - 286. Suppose -15 = -3*i, i + w = 5*p - 3*i. Calculate the remainder when p is divided by 44.
40
What is the remainder when (-10)/4*327*(-18)/135 is divided by 47?
15
Let n(m) = 1 - m + 18 + m**2 + 3. Calculate the remainder when n(0) is divided by 6.
4
Let o = -2204 + 2232. Calculate the remainder when 418 is divided by o.
26
Suppose -2*v - 42 + 125 = -5*s, 2*v - s = 63. What is the remainder when 491 is divided by v?
27
Let n(o) be the third derivative of o**5/30 + 5*o**4/12 + o**3 + 2*o**2 + 8. Calculate the remainder when 81 is divided by n(-6).
9
Let n(h) = 89*h**2 - 2*h + 2. Let x be n(1). Let s = 212 - x. Calculate the remainder when s is divided by 9.
6
Let s(g) = -30*g + 1078. What is the remainder when 1311 is divided by s(35)?
23
What is the remainder when -2*((-7574)/(-4))/(-7) + 2 is divided by 13?
10
Let l be 0 - (1 - -1 - -1). Let n be (28/l - -3)*-6. Suppose -n = -2*a - 0*a. What is the remainder when a is divided by 4?
3
Let j be (1 - -38) + (-3 - -3). Let w = -21 + j. Suppose 5*x - a - 269 = 0, -3*x + 5*a + 179 = -0*x. Calculate the remainder when x is divided by w.
17
Let q be 12/(-54) - (-152)/36. Suppose 4*m = -4*o + 148, 0*m - 2*o = -q*m + 124. What is the remainder when m is divided by 13/(-2)*-2 + -1?
9
Let j(i) = -i**2 + 11*i + 16. Let y be j(11). Suppose -a + y = 3*a. Calculate the remainder when 11 is divided by a.
3
Suppose 3*u = -u + q - 1351, -668 = 2*u - 2*q. Let y = 499 + u. What is the remainder when y is divided by 55?
50
Let i(a) = -3*a + 5. Let h(y) = 14*y**2 + y - 1. Let j(r) = 57*r**2 + 4*r - 5. Let q(b) = 9*h(b) - 2*j(b). What is the remainder when i(-6) is divided by q(-1)?
11
Let h be ((-5)/(-2))/((-1)/(-2)). Let d = h - -2. Let s = 193 + -167. Calculate the remainder when s is divided by d.
5
Suppose -267*y = -261*y - 264. Calculate the remainder when 348 is divided by y.
40
Let p(g) = -g**2 + 37*g - 196. What is the remainder when p(19) is divided by 49?
48
Let i(s) = 16*s - 1. Let f be i(4). Let j = -32 + 40. Calculate the remainder when f/(-2)*4/(-6) is divided by j.
5
Let x = -39 + 60. Let k(c) = c**2 - 8*c - 7. Let l be k(9). What is the remainder when (86 - 3)/(l + -1) is divided by x?
20
Let x(t) = -8*t - 59. What is the remainder when x(-15) is divided by 33?
28
Let q(u) = 3*u - 22. Let v be q(3). Let w = 30 + v. Calculate the remainder when 29 is divided by w.
12
Let m be 16 - (6/3 + -2). Let h = -2 + m. Let o = 83 - 30. Calculate the remainder when o is divided by h.
11
Suppose -250 - 44 = -14*l. What is the remainder when 711 is divided by l?
18
Let v be (-4)/42 + 5/(1890/4572). Let w(d) = d - 15 - 12*d**2 + 0*d**3 + d + d**3. What is the remainder when w(v) is divided by 4?
1
Suppose -290 = -16*q - 66. What is the remainder when 1650 is divided by q?
12
Let g = 121 + -79. Let b = g - -56. Calculate the remainder when b is divided by 34.
30
Let l(y) = 6*y + 10. Let n be l(-3). Let p = n - -42. Calculate the remainder when p is divided by 9.
7
Let o be (-4)/22 - (-130)/110. Let b be (-2 - (-28)/4)/o. Calculate the remainder when ((-2)/b)/((-1)/30) is divided by 5.
2
Let z = 328 - 163. Calculate the remainder when z is divided by 42.
39
Let v = 28 - 50. Suppose 7 = w + 5*o, -4*w - 4*o = -0*o - 12. What is the remainder when 13 is divided by v/(-4) - w/4?
3
Suppose 0 = 41*j - 38*j, p - 38 = 5*j. What is the remainder when 2050 is divided by p?
36
Let x(c) = 43*c + 2*c**2 - 20*c - 22*c - 9. Let y be x(4). Suppose -d - 3*d = -v - y, 0 = 5*d - v - 33. What is the remainder when 22 is divided by d?
4
Suppose -9*r + 4*r - y - 43 = 0, -4*r + 2*y = 40. What is the remainder when 3 is divided by (3 - (-30)/(-9))/(3/r)?
0
Let s be (-2)/(-4)*2*0/(-2). Let x(r) = r**3 + 2*r**2 + 4*r. What is the remainder when x(3) is divided by s + 2 + 21 - 9/3?
17
Suppose -6 = -t + 3. Let y = -109 - -195. Let h = y + -33. Calculate the remainder when h is divided by t.
8
Suppose 0 = 2*z + 2*z - 4*k, -16 = -4*k. Suppose 689 = z*f + 229. What is the remainder when f is divided by (-1)/(1 - (-120)/(-116))?
28
Let b(k) = 38*k**2 + 2*k + 1. Let f be (-1 - 0) + 0 - 0. Let u(h) = -h**2 - 9*h - 10. What is the remainder when b(f) is divided by u(-5)?
7
Suppose 1275*d - 1266*d - 198 = 0. What is the remainder when d is divided by (-4)/(-18) - 43/(-9)?
2
Let h = 285 - 175. Suppose 4*r = -2*z + 40, -2*r + h = 5*z + 3*r. Let b(j) = 22*j**2 - 2*j + 1. What is the remainder when b(-2) is divided by z?
21
Let i = 333 + -238. Calculate the remainder when i is divided by (11 + 1)*12/3.
47
Let t(c) = -12*c - 2. Let f be 19/(-3) - (-1)/3. What is the remainder when t(f) is divided by (-13 - -11)*(-2)/(-4) + 25?
22
Suppose -n = -4*h + n + 86, 5*n + 95 = 5*h. Suppose 0 = -3*j + 3*v + 129, -5*j - 56 + 289 = v. Calculate the remainder when j is divided by h.
22
Let d(v) = -5*v + 5 + 3*v + v - 12. Let j be d(-9). Suppose -5 = j*g - 7*g. Calculate the remainder when 2 is divided by g.
0
Suppose 0 = -5*c - 5*b - 10, 0 = -0*c + 2*c + 5*b + 19. Let y = 43 + -31. Calculate the remainder when y is divided by c.
0
Let y(i) = -2*i - 4. Let o be y(-8). Let n = 17 + o. Calculate the remainder when 5*-68*(-6)/24 is divided by n.
27
Suppose 104 = 3*y - j, 2*j + 51 - 149 = -3*y. Calculate the remainder when 133 is divided by y.
31
Let w be 63/6*4/6. Suppose w*h - 2*h = 115. Let s(q) = -q**3 + 4*q + 44. Calculate the remainder when s(0) is divided by h.
21
Suppose 5*b - 5*y + 194 = 1019, 4*y + 493 = 3*b. What is the remainder when b is divided by 43?
38
Suppose -5*h - 2*a = 345, -40 = 3*h - 3*a + 167. Let y = h + 100. Calculate the remainder when 276 is divided by y.
28
Let s = 21 + 0. Suppose h - 2*y = -0*h - 1, 5*h - s = -3*y. Calculate the remainder when h is divided by 3.
0
Suppose 0 = 3*c - 7*c + 248. Suppose 3*n = 3*x - 27, 7*x = 8*x + 2*n - 9. Calculate the remainder when c is divided by x.
8
Suppose 0*o + 79 = o + 3*u, 3*u - 280 = -4*o. Calculate the remainder when o is divided by 23.
21
Let i = 35 + -24. Suppose -5*m = -5*q - 40, i + 1 = 3*m. Calculate the remainder when 25 + (-8)/(q/(-1)) is divided by 12.
11
Suppose 65 = u - 56. Let r = 49 + u. Suppose 5*o = 5*f - r - 0, -5*f + 130 = 3*o. Calculate the remainder when f is divided by 16.
13
Suppose 9*s + 32*s - 943 = 0. Calculate the remainder when 271 is divided by s.
18
Calculate the remainder when 21/((-12)/4) - (-402)/6 is divided by 22.
16
Suppose 4*b = 2*t - 46, 0*b = t - b - 18. Suppose 2*p - 3*p = -4*y - 42, y = -2*p + 39. What is the remainder when p is divided by t?
9
Suppose -5*c - 18 = -4*p + 30, 4*p + 4*c - 48 = 0. Calculate the remainder when 13 is divided by p.
1
Let l = 6 - 3. Suppose -56 = -3*p - 4*m + 13, -l*p + 51